is 27063632 (base 8) in base 11?
3466924
Convert -bb4a73 (base 13) to base 5.
-2112041331
-10114423 (base 5) to base 7
-462330
What is -100002200010 (base 3) in base 14?
-493a6
What is -400500442 (base 6) in base 10?
-6757514
Convert 132212010233 (base 4) to base 11.
4588826
-118da0 (base 16) to base 9
-2143006
-1036156 (base 7) to base 14
-343d6
What is 3c481 (base 13) in base 12?
55364
17193 (base 16) to base 15
1d076
What is -2039365 (base 10) in base 13?
-565333
-23c184 (base 13) to base 15
-11d490
1001001000110001000 (base 2) to base 15
5daa0
-31147 (base 12) to base 8
-175207
Convert -523c58 (base 13) to base 3.
-10121122212112
Convert -13412021 (base 6) to base 14.
-badd3
Convert -11110101212020 (base 3) to base 4.
-21002211111
-1011001111010101100 (base 2) to base 5
-43241200
-10111001011110111011 (base 2) to base 13
-207a66
What is 408180 (base 10) in base 2?
1100011101001110100
Convert 120031 (base 6) to base 11.
7893
What is 32a483 (base 12) in base 2?
11000100110000100011
What is -1388b35 (base 12) in base 7?
-45160355
2654100 (base 7) to base 5
42141231
503622 (base 7) to base 14
23182
Convert 3280 (base 12) to base 9.
7566
Convert -2124241 (base 6) to base 15.
-21011
Convert 5a80156 (base 11) to base 10.
10585625
-1f08b3 (base 16) to base 15
-2a2948
-116323 (base 7) to base 16
-53b6
What is 77630 (base 15) in base 7?
3140052
2517550 (base 8) to base 11
436050
Convert -10100100100000100010 (base 2) to base 10.
-673826
What is -10204034 (base 7) in base 9?
-1547638
What is -30ec0 (base 16) in base 11?
-127608
Convert 1064404 (base 7) to base 10.
133627
What is -14b49d (base 15) in base 12?
-402894
Convert -9760472 (base 10) to base 14.
-1421048
Convert 100000101000001110110 (base 2) to base 4.
10011001312
46459b (base 12) to base 8
4232107
Convert -3d6e8c (base 16) to base 10.
-4025996
-11230440 (base 5) to base 11
-6a6a3
Convert -13289e (base 15) to base 11.
-579198
132388 (base 11) to base 5
23124340
-4932338 (base 11) to base 10
-8582692
Convert -e9fd7a (base 16) to base 2.
-111010011111110101111010
Convert 110601 (base 10) to base 8.
330011
Convert a4572 (base 11) to base 16.
25362
What is 13123432 (base 5) in base 14?
35483
-22410002 (base 5) to base 10
-200627
146273 (base 10) to base 5
14140043
Convert -110670 (base 11) to base 12.
-8617b
What is -11d965a (base 14) in base 4?
-200301311100
Convert -68185 (base 15) to base 4.
-1100311130
3031234233 (base 5) to base 7
103000635
Convert -1122032211 (base 4) to base 8.
-1321645
What is 150b7 (base 13) in base 16?
9b10
Convert -1736157 (base 9) to base 16.
-ec90e
What is 121002012200 (base 3) in base 11?
1a6903
Convert 10003323012 (base 4) to base 9.
2002370
2698251 (base 11) to base 15
61d62d
Convert 311130233 (base 4) to base 2.
110101011100101111
1215030 (base 6) to base 9
107550
Convert 463651 (base 8) to base 10.
157609
Convert 11001110100010010 (base 2) to base 11.
724a3
12034122 (base 5) to base 6
2221311
What is 1000101000111110000011101 (base 2) in base 11?
a256673
What is 112010112122 (base 3) in base 10?
278144
-b1353 (base 12) to base 14
-5dd15
Convert 11120022012220 (base 3) to base 8.
11204170
147c02 (base 13) to base 2
1111010110010100010
What is 110122122020 (base 3) in base 6?
5201010
830552 (base 13) to base 16
2ea52b
27764 (base 13) to base 10
73766
Convert -65b6b (base 13) to base 3.
-100100210220
What is 101101100011100110 (base 2) in base 7?
1405006
What is 457206 (base 9) in base 5?
32234042
What is -54747 (base 15) in base 2?
-1000001011111101011
-51a96 (base 11) to base 13
-286a9
What is -13a2ba7 (base 12) in base 5?
-2002220012
What is 5440432 (base 6) in base 11?
174721
Convert 3655610 (base 12) to base 16.
a1322c
Convert 13a8b29 (base 12) to base 6.
220435253
What is 250432 (base 8) in base 4?
111010122
2120321 (base 6) to base 16
19579
Convert -2a95d9 (base 14) to base 8.
-5525553
What is -b0c09e (base 16) in base 10?
-11583646
-452649 (base 11) to base 13
-1c3150
331665 (base 7) to base 12
298b0
1a2026 (base 12) to base 11
2943aa
Convert 16240210 (base 7) to base 6.
53413144
-678388 (base 12) to base 15
-22996e
-67721 (base 10) to base 3
-10102220012
60531 (base 13) to base 2
101010000011011011
-3139985 (base 10) to base 14
-5ba449
What is 1554278 (base 10) in base 12?
62b572
What is 6640462 (base 10) in base 8?
31251516
58947 (base 11) to base 6
1453253
What is 256269 (base 12) in base 5?
124041311
What is -5016165 (base 12) in base 15?
-14a7e65
What is -3150221 (base 6) in base 7?
-1211611
Convert -25030245 (base 6) to base 11.
-4a49a4
Convert 10b8293 (base 12) to base 8.
14241217
Convert -122121212121001 (base 3) to base 4.
-203232301201
What is 10da98 (base 15) in base 5?
201240033
-113546341 (base 7) to base 3
-111020112011201
Convert -185b77 (base 13) to base 6.
-21044403
What is -13013210 (base 4) in base 2?
-111000111100100
What is -1220300332 (base 4) in base 10?
-429118
-155345401 (base 6) to base 7
-40260232
Convert 804287 (base 10) to base 15.
10d492
-1102021210100 (base 3) to base 2
-10110111111111100001
Convert -52441176 (base 8) to base 13.
-2408a68
4003633 (base 7) to base 10
471943
Convert -10152342 (base 7) to base 2.
-11010000010011100010
What is -1101211221210 (base 3) in base 9?
-1354853
Convert -25a5e4 (base 15) to base 12.
-731844
Convert -341234502 (base 6) to base 4.
-113233331012
What is -218054 (base 9) in base 14?
-35804
What is 2040682 (base 11) in base 16?
36f846
What is 38667 (base 12) in base 10?
76975
What is 17055aa (base 12) in base 4?
102010210102
Convert 99d0e (base 15) to base 4.
1313113223
What is 1efed (base 16) in base 10?
126957
What is 5058775 (base 10) in base 12?
183b647
What is 74180 (base 10) in base 2?
10010000111000100
Convert 101221665 (base 7) to base 13.
12c439b
-101001111010100001 (base 2) to base 10
-171681
-587207 (base 9) to base 12
-150351
What is 103556 (base 8) in base 16?
876e
-1366d4e (base 15) to base 14
-1c046c5
What is 5e5c (base 16) in base 9?
36120
-14a1086 (base 11) to base 2
-1001110001111000010000
Convert -53174 (base 13) to base 6.
-3112512
What is 33453 (base 7) in base 10?
8466
Convert -178162 (base 14) to base 6.
-25433454
What is 1217a (base 14) in base 3?
2020122100
26204 (base 14) to base 5
10444232
What is 8c7 (base 16) in base 6?
14223
-2111424203 (base 5) to base 15
-5c026d
What is 2a17422 (base 11) in base 12?
1898702
What is 11365022 (base 7) in base 13?
293903
31112332 (base 7) to base 9
4814867
1021011110 (base 3) to base 2
110000101001010
What is -432074 (base 12) in base 9?
-1886467
Convert -61535156 (base 7) to base 14.
-981766
2177336 (base 8) to base 10
589534
Convert 12332320202 (base 4) to base 14.
3590d4
Convert -2d91c (base 14) to base 15.
-23ce9
What is 256780 (base 10) in base 8?
765414
What is -130355403 (base 6) in base 15?
-355a59
What is 893e (base 15) in base 12?
149b8
17eed1 (base 15) to base 5
244224341
-1232246 (base 9) to base 12
-2842b0
What is -77d84 (base 14) in base 13?
-a2480
What is 43dda (base 15) in base 2?
110100101011001011
Convert -100101001100100100010 (base 2) to base 13.
-338a19
-554221 (base 9) to base 4
-1100312023
Convert -5f9cc (base 16) to base 3.
-201220012202
63768 (base 13) to base 10
179226
-23517 (base 11) to base 13
-12577
What is -249156 (base 12) in base 8?
-2214622
18446150 (base 9) to base 7
142026615
-272c4 (base 14) to base 11
-66642
Convert 6a230 (base 11) to base 7.
601501
Convert 1b66be (base 15) to base 13.
37b044
Convert -8707b4 (base 15) to base 4.
-120202012033
What is -33145064 (base 7) in base 6?
-141042312
-ea3b4 (base 15) to base 5
-142241334
1010111000010001101100 (base 2) to base 14
5434a8
Convert -268548 (base 15) to base 2.
-111000011110101000101
Convert 1369a84 (base 11) to base 8.
10771201
What is -32c7c (base 16) in base 11?
-1322a8
Convert -13025 (base 9) to base 7.
-34400
11015377 (base 8) to base 13
64b02c
-1073644 (base 8) to base 4
-1013132210
Convert 11000110000110100011011 (base 2) to base 14.
c0d96b
Convert -322305 (base 7) to base 14.
-16605
Convert 103222032 (base 4) to base 12.
3a726
143442544 (base 6) to base 5
1230220011
Convert -200021011112010 (base 3) to base 15.
-cbb246
What is -1522527 (base 9) in base 3?
-1120202120221
What is -1b483 (base 12) in base 4?
-21313203
Convert -1647